 2 = h. Suppose d = h*g + 31 - 115, -3*g + 80 = -5*d. What is the units digit of g?
0
Suppose -x + 48 = x - 2*a, -4*x = 2*a - 102. What is the tens digit of x?
2
Let l be ((-3)/(-2))/((-9)/(-24)). Suppose -6 + l = 5*y - 3*r, -14 = 3*y - 5*r. What is the units digit of y?
2
Let i(o) = -2*o. Let w(v) = -3*v**2 + v - 1. Let x = 8 - 7. Let d be w(x). What is the units digit of i(d)?
6
Let v(x) = -6*x. Let c be v(-1). Let f(m) = 2*m + 0*m - 5*m**2 + m + c*m**2 - 5. What is the tens digit of f(-6)?
1
Suppose -484 = -3*r + h, -2*h - 7 = 1. What is the tens digit of r?
6
Let l be 1 - 0 - 6/(-3). Let a be (-141)/(-9) - (-1)/3. Suppose -r - l + a = 2*d, 25 = 4*d + r. What is the units digit of d?
6
Suppose -3*g = -8*g + 75. Let x = -3 + g. What is the tens digit of x?
1
Let d be -4 + 15 + 0 + 1. Let g be (d/8)/((-6)/(-20)). Let z(q) = q - 1. What is the units digit of z(g)?
4
Let j be ((-6)/5)/(3/(-20)). Let g = j + -5. Suppose g*q - 37 = 5. What is the tens digit of q?
1
Suppose 0 = -q + 2*q - 7. Let v(c) = c**3 - 6*c**2 - 5*c - 4. Let o be v(q). Suppose 4*u = o + 2. What is the units digit of u?
3
Suppose -b + 48 = -22. Suppose 5*r - b = -15. What is the tens digit of r?
1
Let a = 9 - 16. Let r be (1 - 8)*(-6)/a. Let u = 1 - r. What is the units digit of u?
7
Let f(o) = -16*o**3 - 2*o**2 - 4*o - 7. What is the tens digit of f(-2)?
2
What is the tens digit of -2 + 1 - 1*(4 + -279)?
7
Let w(a) = 17*a**3 - 2*a + 1. Let d be w(1). Suppose i = r - 0*i - d, i = -4*r + 69. What is the units digit of r?
7
Suppose -c + 55 = 2*r, 6*r - 2*r = -4*c + 108. What is the tens digit of r?
2
Suppose -72 = -5*c + 473. What is the hundreds digit of c?
1
Let x(h) = 1 + 2 - 25*h - 4. Let g be x(-1). Suppose u - g = -3*u. What is the units digit of u?
6
Suppose 5*g + 4*a - 413 = 46, 0 = -3*g + 2*a + 293. What is the tens digit of g?
9
Suppose -3*v - 4*j = -18, 13 = -v + 3*v + 3*j. Suppose -v*k + 115 = 3*k. What is the tens digit of k?
2
Let m be (-5)/(10/(-4)) + 1. Suppose -3 = -m*h - 5*x + 6, 6 = 2*h - 3*x. What is the units digit of (-3)/(0 + h/(-8))?
8
Suppose 5*g + 3 = -3*r, 6*g - 4*g = 5*r - 26. What is the tens digit of 2 + 2 + (-27)/g?
1
What is the tens digit of 6/(-21) + (-802)/(-14)?
5
Let v be 1*(2 + -3 + 1). Let j(q) = -3 + v*q + q - 5*q. What is the units digit of j(-2)?
5
Let t(x) = 314*x**3 - x**2 + 3*x - 1. What is the units digit of t(1)?
5
Let c = 249 + -96. What is the units digit of c?
3
Suppose -2*w + 3 = -3*w, 5*z - 4*w - 22 = 0. Suppose -20 = -i + z*h + 13, -3*i + 154 = 5*h. What is the tens digit of i?
4
Let h(a) = -13*a - 16. What is the tens digit of h(-5)?
4
Let p = 418 - 284. What is the units digit of p?
4
Let y(q) = -q**2 + 10*q + 16. Let j be y(11). Suppose -o + 2*o = j. Suppose 30 = o*k + 5*t, -5*k + 2*t + 3 - 1 = 0. What is the units digit of k?
2
Let k(p) = 3*p - 4. Let t = -11 - -17. What is the tens digit of k(t)?
1
Suppose 2*w = -2*w + 120. What is the tens digit of w?
3
Let w(q) = -q**3 - 2*q**2 + 2*q - 5. Let f be w(-4). What is the units digit of 0 + f - (0 + 2)?
7
Suppose 4*u + 6 - 26 = 0. Suppose 7*h - 3*h - 2*o = 20, -u*h + 5*o = -30. What is the units digit of h?
4
Let p(d) = -d**2 - d + 5. What is the units digit of p(0)?
5
Let c = -132 - -255. What is the hundreds digit of c?
1
Suppose -f + 60 + 13 = 0. What is the tens digit of f?
7
Suppose 4*c + 5*y - 1001 = 261, 5*c = -y + 1588. Let x be 1/(-1)*c/6. What is the units digit of x/(-4) - (-3)/(-12)?
3
Let y(o) = -o**3 - 9*o**2 + o + 11. Let f be y(-9). Suppose d + 12 = f*d. What is the units digit of d?
2
What is the units digit of 6/(-4)*(-4)/6?
1
Let r be 5/(-4*4/(-112)). Suppose 0 = -5*o + 3*z + 112, 5*o + 2*z - r - 57 = 0. What is the tens digit of o?
2
Suppose v = -u + 6, -3*u + 2*v + 13 = -0*v. Suppose g - 29 = u*s - 112, 12 = -4*g. What is the tens digit of s?
1
Let a = -6 + 9. Suppose 5*b = b + 44. Suppose k + d - b = 3*d, -32 = -a*k + 5*d. What is the units digit of k?
9
Suppose -5*o - 5 = -i, -2*o - 10 = i - 3*i. Suppose -2*k - 5*j + 12 = 0, j - 1 = -k + i. What is the units digit of (-9)/k*(-26)/3?
3
Let t = -30 - -105. What is the tens digit of t?
7
Suppose 18 + 90 = m. What is the units digit of m?
8
Suppose 3*v + 2*v = -z + 188, 2*z = -3*v + 117. Suppose -2*h = 5*y - v, 2*h - 7*h - 4*y = -67. What is the units digit of h?
1
Suppose -4 = -4*w, 16 = 3*m + 3*w - 8. What is the units digit of m?
7
Let s(h) = 2*h**2 + 3*h - 2. What is the units digit of s(2)?
2
Suppose -2*m + 4*p = -6, -p + 9 = -5*m - 3*p. Let l be (-2 + 19)/(m/(-2)). Let u = l + -22. What is the units digit of u?
2
Let b(i) = i + 9. Let o be b(-11). Let h = -2 + o. What is the units digit of 3/(-2 - 1 - h)?
3
Let i(j) = -j**3 - 7*j**2 + j + 6. Let f(y) = -y**3 - 8*y**2 + y + 7. Let q(k) = 3*f(k) - 4*i(k). What is the units digit of q(-3)?
9
Suppose -4 = -2*o + 4*x, -4*o + 3*x = 4*x - 35. Let y = o - 5. Suppose w - 4 = y. What is the units digit of w?
7
Suppose 8*l - 4*l - 76 = 0. What is the tens digit of l?
1
Let s = -72 - -143. What is the units digit of s?
1
Let g = 21 + -19. Suppose -j - 3*j + 146 = -2*t, 0 = 4*j + g*t - 166. What is the tens digit of j?
3
Suppose -2*c + 4*k = -68, -6*k + 100 = 2*c - 2*k. Suppose d = -2*j + 7, -5*d - 2*j = -c + 15. What is the units digit of d?
5
Let j = 27 - 15. Let d = 20 - j. What is the units digit of d?
8
Let b(w) = 3*w - 3. Let r(y) = -7*y + 5. Let c(d) = 5*b(d) + 2*r(d). Suppose 5*n - 57 = -3*x + 4*x, -5*x - 10 = 0. What is the units digit of c(n)?
6
Let x = -306 - -553. What is the units digit of x?
7
Let y = -24 - -29. Suppose -38 = -3*k + y*f, 6*k = k - f + 82. What is the tens digit of k?
1
Let z(m) = 2*m + 16. What is the tens digit of z(7)?
3
Suppose -2*c + 155 = -4*q + 15, -3*c = -12. Let u = 54 + q. What is the tens digit of u?
2
Let r = 14 - -6. Suppose 0 = l + l - r. Let i = l + -1. What is the units digit of i?
9
Suppose 0 = z - 4*l - 30, -2*z - 4*l + 72 = 0. Let w be z/4*(1 - 3). Let x = 3 - w. What is the tens digit of x?
2
Suppose -3*o = -2*o + 4. Let i = o - -8. What is the units digit of i?
4
Let y be (-2)/4*(2 - 2). Suppose -g + 5*g - 40 = y. What is the tens digit of g?
1
Suppose 0*i + 32 = 4*i. Suppose 0 = -0*r - r + i. What is the units digit of r?
8
Let g(w) = w**2 - 9*w. Let n be g(9). Let s = n + 5. Suppose -s*f + 57 = x, -x = -2*f + 2*x + 16. What is the tens digit of f?
1
Let f = -100 - -277. What is the units digit of f?
7
What is the units digit of -74*4/(-8)*1?
7
Let d be 5/2*(-4)/(-5). Suppose d = -2*j + 6. What is the units digit of j/(-4)*18/(-3)?
3
Let t = -30 - -13. Let i = t + 18. What is the units digit of i?
1
Suppose -9*h = -11*h + 86. What is the units digit of h?
3
Suppose -x + 14 = 5*i - 9, 69 = 3*x - 4*i. What is the units digit of x + -1 + (4 - 3)?
3
Let i(s) = 11*s**2 + 3*s + 13. What is the hundreds digit of i(-5)?
2
Let n(w) = w + 9. Let h be n(-7). Suppose 2*m + 9 = -4*y + 59, 0 = 4*y - h*m - 70. What is the tens digit of y?
1
Let b(w) = -w**3 - 7*w**2 - w + 2. Let x be 3 + -2 + 4*-2. What is the units digit of b(x)?
9
Let g = 102 - 67. What is the units digit of g?
5
Let g be (-1)/4 + 249/(-12). Let f be (-6)/g + 38/14. Suppose f - 47 = -4*c. What is the units digit of c?
1
Let q(w) = w**2 + w - 5. What is the units digit of q(-6)?
5
What is the units digit of (3 + (-10)/3)*-3?
1
Suppose -5*q = -0*q. Let v be 0 - -1 - (-3 + 2). Suppose q*t - 4*w = v*t - 18, -2*t - 2*w = -12. What is the units digit of t?
3
What is the tens digit of (-315)/(-15) - (-2 + -1)?
2
Let b be (42/6)/((-1)/2). Let o = b - -47. What is the tens digit of (-4)/((-24)/o)*2?
1
Suppose 3 = h, 0*h - 207 = -3*z - 3*h. What is the tens digit of z?
6
Let u(x) = x**2 + 5*x - 5. Let b be u(-6). Suppose 3*h = -q - 6, 2*h + 3 + b = 0. Let i(l) = l**2 + l + 10. What is the tens digit of i(q)?
1
What is the units digit of 4 + -6 + 5 - (-241 - 0)?
4
Suppose l - 128 = -3*l. What is the units digit of l?
2
Let a be 28 + 1 + (-1 - 0). Suppose -2*w = 8 + a. What is the units digit of (-38)/(-9) + 4/w?
4
Let b(o) = o + 8. Let z(v) = -v**2 + v - 8. Let m be z(0). Let k be b(m). What is the units digit of 1 + -2 + k + 9?
8
Let w be 48 + (2 - -1)/(-3). Suppose 2*s - 27 = w. What is the tens digit of s?
3
Let t(g) be the first derivative of g**3 + g**2/2 - 2